
7
Let r(y) = -y + 2. Let h be r(1). Let o(j) = -j**3 + 1. Let b(k) = 3*k**3 - 5*k**2 - k - 8. Let c(s) = h*b(s) + 2*o(s). Give c(5).
-11
Let k(p) = -2*p**3 + 7*p**2 + 6*p - 6. Let r(a) = -2*a**2 - a + 1. Let s(j) = -k(j) - 3*r(j). Give s(1).
1
Suppose -3*k = 333 - 351. Let y(q) = -q**3 + 5*q**2 + 5*q + 6. Determine y(k).
0
Let w(i) = -3*i + 5. Let z be w(1). Let r(t) = -6*t - 5. Let x(l) = -7*l - 6. Let a(o) = z*x(o) - 3*r(o). Give a(-2).
-5
Let r(b) be the first derivative of b**2/2 - 9*b + 1. Let n(h) = -h**3 - 3*h**2 + 0 + 4*h + 6 - 1. Let d be n(-4). Calculate r(d).
-4
Let r(u) = u**3 + 9*u**2 + 2*u + 24. Let s be r(-9). Let i(f) = -2*f + 7. Determine i(s).
-5
Let o(d) = 6*d + 5. Suppose 3*c - 81 + 93 = 0. Determine o(c).
-19
Let g(d) be the second derivative of d**4/12 - d**3/2 - 29*d + 3. Let n = 3 + 0. Determine g(n).
0
Let t(i) = -i**3 + 9*i**2 - 2*i + 2. Let k = -391 + 400. Calculate t(k).
-16
Let o(n) = 4*n**3 + 8*n**2 - 9*n - 3. Let k(u) = -11*u**3 - 24*u**2 + 27*u + 9. Let p(q) = 3*k(q) + 8*o(q). Let b be 12*(-33)/(-176)*(2 - 6). Determine p(b).
3
Let w(x) = -x**2 + 11*x + 26. Let c = -282 - -295. Give w(c).
0
Suppose 0 = -3*p + 2*v + 8, -3*p + 38 = 5*v - v. Let b(n) be the third derivative of n**5/60 - n**4/12 - 7*n**3/6 + 2*n**2 - 21. Give b(p).
17
Let d(n) be the first derivative of 2*n**2 + n - 58. Let g = -5 + -1. Let l be (-4)/10 - g/(-10). Determine d(l).
-3
Suppose 0 = 43*b + 230 + 71. Let z(o) = o**2 + 6*o + 5. Determine z(b).
12
Let p(d) = 5*d**3 + 11*d**2 + 13*d - 13. Let m(g) = 2*g**3 + g. Let f(r) = 2*m(r) - p(r). Calculate f(-10).
23
Let j(t) = t + 14. Let u(r) = -r + 1. Let x(d) = -j(d) - 3*u(d). What is x(12)?
7
Let t(f) be the third derivative of -f**4/8 + f**3/6 + 4*f**2 + 9. Suppose -6 = -5*z + 2*z. Suppose -2*m + 16 = z*m. Give t(m).
-11
Let y(b) = -8 + 7*b - 10*b + 5*b. Let o be y(8). Suppose -4*w + 24 = -4*i, -4*w = -3*i + o*i + 30. Let r(m) = m**2 + 8*m + 5. Determine r(i).
-7
Let y(k) = 11 - 21 + 9 - k. Suppose 0 = l - 6*l - 4*t - 20, 0 = l - 2*t + 4. Let f be y(l). Let w(p) = p**3 - 4*p**2 + 2*p + 4. Calculate w(f).
1
Let d(h) = 2*h - 12. Let z be (-6)/8 + (-529)/(-92). Calculate d(z).
-2
Let l(s) = s**2 + 7*s + 6. Suppose -9*o = 10*o + 114. Calculate l(o).
0
Let h(f) = -5*f**3 - 12*f**2 - 11*f + 4. Suppose 3*a = 2*a + 4. Let d(c) = -6*c**3 - 13*c**2 - 12*c + 5. Let g(q) = a*d(q) - 5*h(q). Give g(-7).
0
Let r(a) = a**2 - 3*a - 4. Let q(i) = i**2 + 11*i + 12. Let g(t) = t - 27. Let x be g(16). Let v be q(x). Suppose -3*l + v = -0*l. What is r(l)?
0
Let l(n) = 9*n - 2. Let b be l(1). Let w(t) = -3*t**2 + 28*t + 5. Let x(s) = -2*s**2 + 19*s + 3. Let a(d) = b*x(d) - 5*w(d). Determine a(7).
-4
Let o(m) = -2*m + 10. Suppose -17*l - 5*l = -6*l. What is o(l)?
10
Suppose -7*s = 5*s. Let o(f) = f**2 + f + 22. Determine o(s).
22
Let m(o) = o**3 - 2*o. Let i(r) = 2*r**2 - 17*r - 20. Let j be i(9). Let k = 13 + j. Determine m(k).
4
Let y(h) = 16*h + 11. Let l(r) = 7*r + 6. Let m(u) = -9*l(u) + 4*y(u). Determine m(9).
-1
Let v(k) = 2*k**2 + 5*k + 2. Let z(i) = -4*i**2 - 12*i - 7. Let y(n) = -5*v(n) - 2*z(n). Give y(-3).
-11
Let d(r) be the third derivative of r**4/6 + r**3/2 - 210*r**2. Calculate d(-2).
-5
Suppose s = -2*g - s + 8, s + 1 = 4*g. Let h(t) = 2 + 7*t + 0*t - t - t - 3. Give h(g).
4
Let d(y) = 7*y**2 + 2*y + 12. Let q(j) = -j**2 - j. Let i(b) = d(b) + 4*q(b). Let m(v) be the first derivative of i(v). What is m(3)?
16
Let b(i) = 2*i - 3*i + 2*i**3 - i**2 - 3*i**3 - 2. Let d = 64 + -66. Let r be b(d). Let z(j) = -j**3 + 4*j**2 - 2*j - 1. Calculate z(r).
-9
Let x(n) = -n**3 + 8*n**2. Let j be x(8). Let b(s) = -s**2 - s + 1. Calculate b(j).
1
Suppose -4*n = 5 + 3. Let q(f) = 3*f**2 + 10*f + 6. Let p(u) = 10*u**2 + 31*u + 19. Let o(w) = n*p(w) + 7*q(w). Calculate o(-7).
-3
Let b(v) = -v**3 - 14*v**2 - 12*v + 12. Let t(o) be the first derivative of -o**4/4 + 2*o**3/3 - o**2 + 2*o + 39. Let l be t(3). Calculate b(l).
-1
Let j(h) = 3*h**2 - 5*h - 8. Let i(s) = -3*s**2 + 4*s + 1. Let v(k) = k**2 - k + 1. Let x(o) = -i(o) - 2*v(o). Let g(l) = 3*j(l) - 8*x(l). What is g(-2)?
2
Let d(x) = -x**3 + 75*x**2 + 73*x + 227. Let m be d(76). Let h(a) = -21*a**2 - a. Give h(m).
-20
Let q be 1/(4/32*4). Suppose 0 = -2*c - 4, c - 4*c = q*i + 4. Let g be ((-4)/2)/(i/(-3)). Let l(m) = -m + 10. Give l(g).
4
Let x(z) = z**2 - 4*z + 3*z - 2 + 2*z. Let o be (-10 - -17) + 15/((-3)/1). Determine x(o).
4
Let p(q) = 3*q**3 + 3*q**3 + 7 + 6*q**2 + 6*q - 5*q**3. Suppose -4*b - m - 35 = 4*m, -4*m + 8 = -4*b. What is p(b)?
2
Let b(l) be the first derivative of l**3/6 - 7*l + 4. Let i(k) be the first derivative of b(k). Let q be 46/10 - (-6)/15. Calculate i(q).
5
Suppose -3*p + 1 = 10. Let t(g) be the second derivative of -7/6*g**3 + 0 + 1/2*g**2 - 1/12*g**4 - 4*g. Determine t(p).
13
Let q(z) = -z**2 - 6*z + 2. Let g be (-6)/7*(-231)/(-66). Calculate q(g).
11
Let f(n) = 8 - 64*n + 63*n + 3. Give f(0).
11
Let g(h) = h**2 + 2. Let k be g(2). Let x(s) = -3*s. Let r be x(-1). Let a(p) = 35*p**3 - 34*p**r - 3 - 6*p**2 + p + 1. Determine a(k).
4
Let s = -25 + 32. Let t(g) be the third derivative of -g**5/60 + g**4/3 - 3*g**3/2 + 57*g**2. Determine t(s).
-2
Let n(z) = -z. Let i be n(2). Let s(c) be the first derivative of -c**6/60 - c**5/20 - 9*c**2 - 10. Let h(a) be the second derivative of s(a). What is h(i)?
4
Let t(h) = 7*h - 41. Let v be t(5). Let l(a) = -a**2 - a + 3. Give l(v).
-27
Suppose y - 3*d = 13, 5*d = -3*y - 0*y - 3. Let t(z) = -z**3 + 15*z**2 - 12*z - 25. Let l be t(14). Let g(p) = -l + 3 - 4 - 3 + p. What is g(y)?
-3
Let h be 16 - 22 - ((-2 - 15) + 2). Let m(s) = s**3 - 10*s**2 + 10*s - 13. Calculate m(h).
-4
Let c(p) = p**3 - 2. Let l(g) = -3*g**3 - 3*g**2 - 6*g + 13. Let b(o) = -4*c(o) - l(o). Give b(4).
3
Let v(x) = -2*x - 2. Let k be (2 + 0)/((-4)/14). Let s be -1 - -1 - (1 + 2). Let m(n) = 5*n + 3. Let h(y) = k*v(y) + s*m(y). Calculate h(9).
-4
Suppose -13*p - 66 = -157. Let s(l) = -l**3 + 5*l**2 + 16*l - 10. Determine s(p).
4
Let i(p) = p**3 + 2*p**2 - 3*p + 2. Suppose -13 = -4*a + 4*q + 19, a + 3*q + 12 = 0. Suppose -x - 4 = t, a*t + 0 = -2*x - 7. Suppose 4 - t = -h. Calculate i(h).
2
Let i = 86 - 79. Suppose -2*p - 1 = -i*h + 4*h, -5*h = 2*p - 23. Let g(k) = -k**3 + 5*k**2 - 5*k - 1. What is g(p)?
-5
Let h(l) = -32*l + 2 + 0*l**3 + 39*l - l**3 + 0*l**2 + 6*l**2. Let f = 5 - 5. Suppose f*o - o + 7 = 0. What is h(o)?
2
Let a(z) = z**2 + 3*z + 5. Let r = -279 - -277. Calculate a(r).
3
Suppose 0 = -4*n - o - 0*o + 44, n - 4*o = 11. Suppose 51 - n = 2*p. Let s be 4/p + (-48)/(-10). Let r(k) = k - 10. What is r(s)?
-5
Let j(a) = -3*a**3 + 6*a**2 + 3*a - 7. Let m(q) = q**3 + 2*q**2 + 2*q + 1. Let r(b) = j(b) + 5*m(b). Determine r(-7).
5
Let v(u) = u**2 + u. Suppose 13*f + 3*f = -9*f. What is v(f)?
0
Let t(i) = i**3 - 5*i**2 - 4*i - 3. Let o = -4 + -20. Let r be 6*(-9)/(-3)*11/(-11). Let w = r - o. Determine t(w).
9
Let k be 107/(-60)*-4 + 4/(-30). Let j(c) = c**2 - 5*c - 16. Give j(k).
-2
Let h = -60 + 66. Let f(w) = -w**3 + 7*w**2 - 6*w**3 - h + 6*w**3 + 9*w. Suppose -k - 43 = -5*u, -u + 0*k - 7 = 5*k. Give f(u).
2
Let h be 2 + -2 + (2 - 1). Let c(p) = 182*p - 3 - 2 + p**2 - 189*p + 10*p**3. Let m(n) = -n**3 + n + 1. Let k(q) = h*c(q) + 6*m(q). Calculate k(1).
5
Let b(d) = 4*d**2 + 2*d + 1. Let a be b(-1). Let h(l) = 2*l**2 + 3*l + 1 + 4*l**3 - 6*l**3 + 3*l**a + 3*l**2. Let o = 14 - 18. What is h(o)?
5
Let r(a) = -17*a**2 + 21*a - 51. Let c(j) = -3*j**2 + 4*j - 10. Let b(v) = 11*c(v) - 2*r(v). Determine b(-6).
16
Let b(c) = -3*c**2 - 346 + 0*c**2 + 345 + 2*c**2. Determine b(-3).
-10
Let m(a) = -8*a + 31*a**2 + 44*a**2 - 76*a**2 - 6. Calculate m(-10).
-26
Let k(p) = -3 - 3*p + 5*p + p. Let r = 3 - 3. Suppose r = -3*b - 1 - 8. What is k(b)?
-12
Suppose 9*s - 1 = 10*s. Let b(z) = -z**3 - z**2 - 3*z - 2. Give b(s).
1
Let s(i) = 43 + 2*i - 33 - 9*i - i**2. Let l(x) = 2*x**2 + 13*x - 19. Let w(u) = -3*l(u) - 5*s(u). Give w(-6).
-5
Let j(k) = k**3 - 6*k**2 + 7*k - 12. Let f be (-1 + -4)*(-27 - -26). Calculate j(f).
-2
Let i(x) = -x**2 + x + 17. Let q be i(0). Suppose -18 - q = 5*w. Let k = -7 - w. Let j(o) = o + 5. Calculate j(k).
5
Let t(m) = m**3 + 7*m**2 + 8*m + 7. Let b(i) = i**2 - i - 21. Let o(r) = -2*r**2 + 3*r + 44. Let x(j) = 